3, 47
Suppose 429 = -4*b + 3*v, 11 = -5*b + v - 517. Let d = -32 - b. What are the prime factors of d?
73
Suppose -5*w + 8164 = 2*b + 2*b, 5*b = -4*w + 6533. List the prime factors of w.
2, 3, 17
Suppose -9*o + 696 = -5*o. Let v = o + -108. What are the prime factors of v?
2, 3, 11
Suppose 5*l - 4*r - 100 = 0, 2*r = -0*r - 10. Suppose 21*z = l*z + 125. What are the prime factors of z?
5
Let q(v) = 3*v**2 + 3*v. Let i(k) = k - 2. Let o be i(0). Let r be q(o). What are the prime factors of (-1 - (-15)/r)*4?
2, 3
What are the prime factors of ((-118)/(-3))/(6/(-9) + 1)?
2, 59
Suppose -v + 196 = p, 2*p - 186 = p - 3*v. What are the prime factors of p?
3, 67
Suppose 3*q - 3*f = -0*q, -2*f = -4*q. Let j = -8 - -51. Suppose -3*s - 7 + j = q. What are the prime factors of s?
2, 3
Let u(y) = -y**3 + 5*y**2 - 5*y - 4. Let j be u(4). Suppose -8*l + 12*l + 108 = 0. Let m = j - l. List the prime factors of m.
19
Let o(h) be the second derivative of h**4/12 - 13*h**3/6 - 3*h**2 - 5*h. Let d be o(14). List the prime factors of ((-65)/20)/((-1)/d).
2, 13
Let r = -3507 - -6807. List the prime factors of r.
2, 3, 5, 11
Suppose g + 10015 = 6*g + 5*r, 3988 = 2*g - 4*r. What are the prime factors of g?
2, 5
Let p = -16 + 18. Let f be p - 1 - (-1 + -22). Suppose f = 2*g - 4*i, 2*g + 3*i = -i + 32. List the prime factors of g.
2, 7
Let m(u) = -410*u + 17. List the prime factors of m(-4).
1657
Let m(p) be the third derivative of -7*p**4/12 + 5*p**3/2 + 28*p**2. List the prime factors of m(-17).
11, 23
Suppose -15*z + 19391 = 6251. List the prime factors of z.
2, 3, 73
Suppose -5372 = 4*i + 6468. Let l be 1/2 - i/32. Suppose l = -2*y + 5*y. What are the prime factors of y?
31
Let t be 2/(-5) + 17/5. Suppose -280 = 60*s - 65*s. Suppose -t*b + s + 28 = 0. List the prime factors of b.
2, 7
Let d be ((-1)/(-2))/(1/(-312)*4). List the prime factors of -2 - (1 + -2 + d).
2, 19
Let d = 4 + 6. List the prime factors of (-132)/d*(-10)/4.
3, 11
Suppose 15*j + 288 = 11*j. Let f = j + 147. What are the prime factors of f?
3, 5
Let w(r) be the first derivative of -11*r**2/2 - 56*r + 9. List the prime factors of w(-7).
3, 7
Suppose 0 = 10*o - 7*o. Suppose o = 4*r - r - 27. List the prime factors of 120/r + (-6)/(-9).
2, 7
Let a(g) = 1112*g**2 - 24*g + 35. List the prime factors of a(2).
5, 887
Let l(h) = -6*h - 2. Let r = -13 + 21. Let a = r + -10. What are the prime factors of l(a)?
2, 5
Let g = -116 - -732. Suppose -5*j - 24 = g. Let f = -85 - j. List the prime factors of f.
43
Suppose 29*d - 33*d = -992. List the prime factors of d.
2, 31
Let y(q) = -27*q - 26. Let c be ((-3)/6*-5)/((-2)/4). List the prime factors of y(c).
109
Suppose 0 = -5*q - 25, 3*f = 4*q + 2215 - 425. List the prime factors of f.
2, 5, 59
Suppose -3*a = y + 10 - 53, 5*y - 135 = 5*a. List the prime factors of 2*(y - (4/(-4) + -3)).
2, 5, 7
Let w(k) = -4*k**3 - 25*k**2 + 2*k + 58. List the prime factors of w(-8).
2, 5, 7
Let y(r) = 64*r**2 - 8. What are the prime factors of y(-2)?
2, 31
Suppose -d = 2*h - 363, 2*d - 2*h + h - 736 = 0. List the prime factors of d.
367
Let w = 14 + -12. Suppose 9 = 3*j + 2*j - w*z, -3*j - z + 1 = 0. Let c = j + 2. List the prime factors of c.
3
Let x = -346 - -582. What are the prime factors of x?
2, 59
Let s = -15 - -34. Suppose s = -o + 2*o - 2*g, 0 = -4*o - 3*g + 65. Suppose 16 = 4*z, o = -4*m + z + 153. What are the prime factors of m?
5, 7
Let p be 6*1*9/18. Suppose -4*g + 11 = j - 6*g, -j = p*g - 11. Let i = 16 + j. What are the prime factors of i?
3
Suppose -351 = 5*b + j, -2*b - j - 4*j - 122 = 0. Let g = b + 26. What are the prime factors of g/(-6)*(-30)/(-9)?
5
Let y(c) = -6*c**3 + 3 + 3*c**3 + 2*c**3 + 7 - 2*c. Let k be y(0). Let r(z) = -z**2 + 14*z + 3. List the prime factors of r(k).
43
Let b = -17 - -551. What are the prime factors of b?
2, 3, 89
Let r(t) = 29*t. Let v be r(-3). Let a = v + 162. What are the prime factors of a?
3, 5
Let n = -502 + 1055. List the prime factors of n.
7, 79
Let t = 1574 - 638. List the prime factors of t.
2, 3, 13
Let f = 7759 - 3767. List the prime factors of f.
2, 499
Let b(f) = 6*f**2 + 15*f - 30. What are the prime factors of b(14)?
2, 3, 113
Suppose -5*r - 1081 = -4*d, 4*d = r - 5*r + 1108. Let j = d - 185. List the prime factors of j.
89
Let d be ((-45)/12)/((-15)/(-80)). Let x be 26 - 5/(d/8). Let l = 49 - x. What are the prime factors of l?
3, 7
Let q be (5/(-10))/(1/94). Suppose 29*b = 33*b + 316. Let y = q - b. List the prime factors of y.
2
Let t be (2/6)/((-2)/(-12)). Let u be t/(-2 + (-12)/(-7)). Let m(y) = -y**3 - 7*y**2 - 4*y - 1. What are the prime factors of m(u)?
3
Let c(u) = u**2 - 7*u + 8. Suppose -t + 6 = -1. Suppose 1 + t = h. What are the prime factors of c(h)?
2
Suppose 5*n + 4*y = 30, 35 = 5*n + 4*y + y. List the prime factors of 7/n + (-15)/10.
2
Let r be 2/(-3) - 4/(-6). Suppose r*i + 5*i - 45 = 0. List the prime factors of i.
3
What are the prime factors of 6380/15 + 5 + (-4)/12?
2, 5, 43
Let m(r) = r**3 - 29*r**2 - 36*r + 9. What are the prime factors of m(31)?
5, 163
Suppose 0 = -q + 3*q + 96. Let m be 2/8 + 300/q. List the prime factors of ((-28)/m)/((-2)/(-3)).
7
Suppose 57*o + 10393 = 76*o. List the prime factors of o.
547
Let r = 18 + -13. Suppose 10 = -r*z - 45. Let k = z + 27. What are the prime factors of k?
2
Let m(w) = 1 + 17*w - 3*w - 36 + 14*w. List the prime factors of m(12).
7, 43
Let b be 74 + -2 + (0 - -4). Let s = b - 41. List the prime factors of s.
5, 7
Suppose 0 = 5*w - 2*g + 1186, -2*w + 4*w + g + 469 = 0. Let q = 346 + w. Suppose -6 + q = 4*p + 4*j, 1 = -j. List the prime factors of p.
3
Let d be -4 - ((-18)/2 + 1). Let t(w) = -w + 4. Let f be t(d). Suppose -q + 6*q - 95 = f. What are the prime factors of q?
19
Let h(w) = -w - 6. Let p be 158/(-14) + (-8)/(-28). Let s be h(p). Suppose -3*k + l = 5*l - 40, -s*l = -5*k + 90. What are the prime factors of k?
2
Let u(n) = -73*n + 6. List the prime factors of u(-9).
3, 13, 17
Suppose c + 361 = -3*c + p, -2*c - 4*p - 194 = 0. Let b = c + 162. What are the prime factors of b?
71
Suppose -4*a - 4*s = -52, -2*a - 3*s + 2*s = -29. What are the prime factors of 1341/12 - (-4)/a?
2, 7
Let u be (-27)/(-12)*(101 + -1). Let m(q) = 6*q**2 - 1. Let z be m(-1). Suppose -5*l - 5*n + 146 = -89, -5*n - u = -z*l. List the prime factors of l.
2, 23
List the prime factors of (744/(-32))/((-1)/44) - 5.
2, 509
Let q(o) = 6*o**2 - 7*o + 18. List the prime factors of q(6).
2, 3
List the prime factors of 9995/15 + (-2)/(-15)*5.
23, 29
Suppose 4*u + 15940 = 24*u. What are the prime factors of u?
797
Let n be (4 + -1)*450/(-27). Let i be (n/(-6))/(3/(-9)). Let a = i - -50. What are the prime factors of a?
5
Let y(t) = 10*t + 47. Let f be y(-5). List the prime factors of f - 0 - 1/(1/(-161)).
2, 79
Let p(f) = 2*f**2 - 18*f + 18. List the prime factors of p(-13).
2, 5, 59
Let s(t) = 60*t + 366. What are the prime factors of s(15)?
2, 3, 211
Suppose 5*k + 48 = -0*u + u, -4 = k. Let p = 39 + u. What are the prime factors of p?
67
Let z be 176/2 - (1 - 18/6). Suppose 5*a + p - 189 = -p, 4*p = 2*a - z. List the prime factors of a.
3, 13
Let k(d) = 2570*d + 2*d**3 + 26 - 3*d**3 - 2577*d - 15*d**2. What are the prime factors of k(-15)?
131
Let a(g) = -g**2 - 10*g + 5. Let l(r) = -r**3 + 6*r**2 - 7*r + 3. Suppose -10 = -z - 5. Let v be l(z). List the prime factors of a(v).
2, 13
Let o = 1624 + -1403. What are the prime factors of o?
13, 17
Let y = 2405 + -1693. What are the prime factors of y?
2, 89
List the prime factors of (573 - -3)*(3/(-1) - -4).
2, 3
List the prime factors of (-188)/(-6)*228/8 - -5.
2, 449
Suppose -3*l = 5*d - 8 - 29, 3*d + 5*l - 35 = 0. Suppose 0 = -a - 3, i - d*i + 5*a = -279. What are the prime factors of i?
2, 3, 11
Let m(u) = -32*u. Let s be 8/(-6) + 3/9. Let k be m(s). Suppose -n - 2 = 2*r - 14, 4*r - k = 2*n. What are the prime factors of r?
7
Let d be 170*(-4 + 84/3). Suppose n + 4*n = -d. What are the prime factors of (-1)/(-7) - n/21?
3, 13
Let s(g) = -11*g - 3. What are the prime factors of s(-42)?
3, 17
Let r = 44 + -26. Let q = 9 + r. Suppose c + 2*c - 3*l = q, -3*c + 67 = 5*l. What are the prime factors of c?
2, 7
Let f = -3 - -8. Let t(v) be the first derivative of 3*v**2/2 + 12*v - 19. What are the prime factors of t(f)?
3
Let n(a